 the prime factors of g?
2, 3
Let d(w) = w**3 - w**2 - w + 3. Let u be d(0). Suppose 3*f = u + 3. Suppose -3*x + 11 = 3*y - 7, 5*y = -f*x + 18. List the prime factors of y.
2
Let p be 1 + -1 + (5 - 0). Suppose -1 + 18 = -x - 4*v, p*x = 5*v + 40. Let d(r) = r**3 - r**2 - 2*r + 1. List the prime factors of d(x).
13
Let m(s) = 17*s - 2. Let t be m(1). Let c = t - 47. List the prime factors of (10/(-10))/(1/c).
2
Let o = 47 - 43. Suppose d - 198 = -4*w, 2*d - 96 = -o*w + 2*w. What are the prime factors of w?
2, 5
Suppose 3*f - 50 = 28. Let i = f + 57. What are the prime factors of i?
83
What are the prime factors of 0/74 - (2 - 4*911)?
2, 3, 607
Suppose 3*a - 4*t + 320 = 0, -3*a + 2*t = 3*t + 310. List the prime factors of (1 - -23)*a/(-39).
2
Let r be ((-23)/(-4) - 21/28)/1. Suppose r*s + 4*a - 515 = 0, s - 3*s + 199 = 3*a. List the prime factors of s.
107
Let z = 105 + -97. Suppose -1110 = 2*n - z*n. List the prime factors of n.
5, 37
Let t(z) = 7*z**2 - 19*z + 25. List the prime factors of t(-6).
17, 23
List the prime factors of (147/18)/(7/42).
7
Let f(d) = d**3 - 6*d**2 + 5*d. Let j be f(5). Let o be 0 - (0 - j/(-3)). Suppose o*k = -4*k + 8. List the prime factors of k.
2
Suppose 2*y = -4*x + 24, -4*x + 2*x = -5*y + 36. Suppose -4*v + 0*v = -148. Let s = v - y. What are the prime factors of s?
29
Let m be -3 + (-4 - (-4 + -1651)). Suppose 3*d = d + m. List the prime factors of 15/105 + d/14.
59
Let l = 105 - 60. Suppose -2*v + 185 = l. List the prime factors of v.
2, 5, 7
Let f = 3291 + -1635. List the prime factors of f.
2, 3, 23
Let q(g) = g**3 + 5*g**2 - 12*g + 8. Let j be q(6). What are the prime factors of 4 + j/4 - -1?
2, 11
Suppose 6*i - 127 = 2651. What are the prime factors of i?
463
Let b = 8 - 3. Suppose 3 + 0 = -l, 0 = 3*v - b*l - 84. List the prime factors of v.
23
Suppose -332 + 116 = -3*b. Suppose -8*s = -1021 - 1123. Suppose -b = 4*q - s. List the prime factors of q.
7
Suppose -2*y + 2418 = 4*v, 8*v - 7*v - 3*y - 615 = 0. List the prime factors of v.
2, 3, 101
Let t(i) = i**2 - 13*i - 133. What are the prime factors of t(-11)?
131
Suppose 1 = t - 3. Suppose 3*j = 2*a - 129, 4*a - 48 = 3*a - t*j. What are the prime factors of a?
2, 3, 5
What are the prime factors of 12/15 - (1 + (-152660)/50)?
43, 71
Let g(n) = -8*n**2 + 2*n - 1. Let i be g(1). Suppose -f + 5 = -10. Let j = f + i. What are the prime factors of j?
2
Let t(q) = -212*q - 3. Let s be t(6). List the prime factors of ((-2)/3 - s/9)*1.
3, 47
Let x = 10 + -10. Suppose c + w - 124 = x, 6*c - 7*c = -w - 114. What are the prime factors of c?
7, 17
Suppose -602 = -g + 4*o, -g - 3*o + 608 = -o. What are the prime factors of g?
2, 3, 101
Suppose n = -4*n - a + 51, -5*a + 35 = 5*n. Let p = 4 + n. What are the prime factors of p?
3, 5
Let h(r) = r**3 + 14*r**2 - 20*r + 6. Suppose 48 = -2*s + 18. List the prime factors of h(s).
3
Let d = 42 - 53. What are the prime factors of ((-11)/(-6))/d - 74/(-12)?
2, 3
Suppose 2*w - 4*p = 8044, -4*w = -5*p + 4256 - 20332. What are the prime factors of w?
2, 3, 223
Suppose 0 = -3*w + 5*v + 284, -v - 93 = -w + v. Let y = w - 70. What are the prime factors of y?
3, 11
Let r = 37 - 15. Let l = r - 17. Suppose -4 = -j - 0*j, -2*z - l*j = -120. What are the prime factors of z?
2, 5
Let y = -173 + 244. What are the prime factors of y?
71
List the prime factors of ((-396)/88)/((-6)/3920) - 2.
2, 13, 113
Suppose -4*o - 16 = -24. Suppose -5*n + 0*n - o*l = -1107, -2*l - 1123 = -5*n. List the prime factors of n.
223
Suppose -3*o - 4*s + 71 = 0, 5*o + 0*s - 103 = s. Let h(g) = -41*g - 2 + 0*g - g - o*g. List the prime factors of h(-1).
61
Let k be 230 + (4 - 2 - 4). Suppose p + 2*p - k = -5*r, -5*p + 185 = 4*r. Suppose -5*x - r = -10*x. What are the prime factors of x?
3
Let u = -151 + 623. What are the prime factors of u?
2, 59
Suppose 5*d - 2944 = 2*f - 896, -3*d - 5*f + 1204 = 0. What are the prime factors of d?
2, 3, 17
Suppose -632 = -2*q + 844. List the prime factors of q.
2, 3, 41
Let t = -35 + 37. Suppose -4*z + 3*v - 4*v = -79, -t*z + v = -41. What are the prime factors of z?
2, 5
Suppose -5*l + 0*l + 5*x = -70, l + x = 18. Suppose -4*f + 72 = 4*q, -5*q + 5*f + l = -94. List the prime factors of q.
2, 5
Let l = 462 - -283. List the prime factors of l.
5, 149
Suppose 3*j - 43 = -g + 54, -g - 2*j = -93. Suppose 0 = 3*q - 0*q + 4*s - 138, -2*q - 5*s = -g. What are the prime factors of 330/q - 2/(-5)?
7
Let l(i) = 8*i - 2 - 14*i - 1. List the prime factors of l(-9).
3, 17
Let r(x) = -x**3 + 39*x**2 - 40*x - 114. List the prime factors of r(32).
2, 2887
Let f = 4537 - 2451. List the prime factors of f.
2, 7, 149
Suppose -15 = -4*i + 3*i. Let t = i - 11. Suppose 34 = -2*u + t*u. What are the prime factors of u?
17
Suppose -11*f = 4*f - 22380. What are the prime factors of f?
2, 373
Let k = -2427 + 3841. List the prime factors of k.
2, 7, 101
Let y be (-10)/(5*((-39)/(-15) - 3)). Suppose 3*p - 169 - 155 = -y*g, 3*g + 4*p - 201 = 0. List the prime factors of g.
3, 7
Let l(i) = i**3 + 4*i**2 + 2*i. Let v = 1 + -4. Let c be l(v). Suppose 3*t - 21 = z, 3*t - 6 = -c*z + 15. What are the prime factors of t?
7
Suppose -5*b - 6862 = -4*m, -4*m + 2*b = -m - 5150. What are the prime factors of m?
2, 859
Let u(i) = 8*i + 6. Let o be u(7). Suppose -2*a + 5*p - o = 0, -5*p + 2*p + 6 = 0. Let d = 46 + a. List the prime factors of d.
2, 5
Let n(w) = -689*w - 976. What are the prime factors of n(-7)?
3847
Let t be (-12)/((-4)/2)*3. Let l = -16 + t. Suppose 2*o = -4*s + 60, -l*o + 51 = s - 12. List the prime factors of o.
2
Let l(g) = -1161*g - 112. What are the prime factors of l(-2)?
2, 5, 13, 17
Let k(c) = c**3 + 6*c**2 - 31*c - 4. List the prime factors of k(-9).
2
Suppose -l - 2 = 0, -4*x + 5245 = -x + l. What are the prime factors of x?
3, 11, 53
Let a(y) = 186*y + 6. List the prime factors of a(6).
2, 3, 11, 17
Let f(c) = 22*c + 188. Let i be f(-9). Let h(k) = -k**2 + 6*k + 1. Let j be h(-4). Let q = i - j. What are the prime factors of q?
29
Let v(b) = 708*b - 3. Let o be v(1). Suppose -7*z + 877 + o = 0. What are the prime factors of z?
2, 113
Let k = -44 - -34. What are the prime factors of (-7 + -3)*k/4?
5
List the prime factors of (-12002)/(-16) + 5 + (-164)/32.
2, 3, 5
Suppose -2*n + 5*x - 7*x = -22, -5*n = x - 75. Suppose 0 = 20*z - n*z - 332. What are the prime factors of z?
83
Suppose 0 = -3*s - 2*n + 1034, 4*s - 714 - 674 = 2*n. What are the prime factors of s?
2, 173
Let r be -344*1/(-3)*3. Suppose 3*d = -d + r. What are the prime factors of d?
2, 43
Let b(d) = 3*d - 32. List the prime factors of b(27).
7
Let r = -47 + 24. Let m = r - -51. List the prime factors of 24/15*(m + 2).
2, 3
Let l = 68 - -259. List the prime factors of l.
3, 109
Let r(p) = -6*p**2 + 17*p**2 - 9*p**2 - 5*p - 37. What are the prime factors of r(7)?
2, 13
Let c = 8 + -15. Let r = c - -12. Suppose 7 = r*t - 2*z, 5*z = -t + 3*t + 14. List the prime factors of t.
3
Let g(j) = 33*j**2 - 3*j + 81. What are the prime factors of g(7)?
3, 13, 43
Let u(a) be the third derivative of a**4/24 + 59*a**3/6 - 173*a**2. Let q be (0 - (0 - 0))/1. What are the prime factors of u(q)?
59
What are the prime factors of -5*(-7)/(-35)*-1242?
2, 3, 23
What are the prime factors of ((-2)/(-3 + 4) - -3)*2033?
19, 107
Let b be ((-9)/(18/20))/2. Let o = b - 33. Let t = -3 - o. List the prime factors of t.
5, 7
Let z be 15/6 + (-2)/4. Let i be z + 1 + 9/(-3). What are the prime factors of (4 - -10)*3 - i?
2, 3, 7
Let t(u) = -5*u**3 - u**2 - 7*u - 8. Suppose -16*j = -21*j - 15. List the prime factors of t(j).
139
Let l(w) = -w**2 + w + 19. Let u be 1 + (-3 - (-2 - 0)). List the prime factors of l(u).
19
List the prime factors of (((-42)/(-9))/(28/6258))/1.
7, 149
Suppose 3*x - 4*x = -7. Suppose -x*q = -4*q - 174. List the prime factors of q.
2, 29
Let t(f) = 46*f - 13. Let d be t(5). Suppose 0 = o - 2*y - d, -y = 5*o - o - 877. What are the prime factors of o?
3, 73
Suppose 767 = 44*z - 43*z. List the prime factors of z.
13, 59
List the prime factors of 156078/108 - 5/(-6).
2, 3, 241
Suppose -3495 = -c - 45. What are the prime factors of c?
2, 3, 5, 23
Suppose 10 = 2*v + 6. Suppose -v*n + 6*n - 16 = 0. Suppose n*g - 13 = 3*g. List the prime factors of g.
13
Let w(a) = -22*a - 6 + 15 + 18*a. Let d be 